946. What is the units digit of v?
3
Let i = 89 - 89. Suppose i = 12*d - 21*d + 2961. What is the hundreds digit of d?
3
What is the tens digit of 156/1 + 14/(-7)?
5
Let c = -120 + 131. Suppose n - 2*i - c = 3*i, 2*n - 4*i = 22. What is the tens digit of n?
1
What is the units digit of 0 + 1 - (-477 + -5 + -9)?
2
Let r(a) = -a**2 - 4*a + 1. Let t be r(3). Let h = 14 + t. What is the tens digit of (148/(-6))/(h/9)?
3
Let q be -2 - ((-2)/(-4) - (-269)/(-2)). What is the tens digit of (q/(-15))/((-2)/20)?
8
Let b(l) = -l**3 + 7*l**2 - 9. Let d be b(4). Suppose 2*v = -v + 3*m + d, m = -2*v + 14. What is the units digit of v?
9
Let d(b) = -1. Let k(n) = -4*n - 4. Let y(w) = -5*d(w) - k(w). Let q(r) = 1. Let t(u) = -6*q(u) + y(u). What is the tens digit of t(3)?
1
Let l be 1/(-3)*534/(-2). Suppose 0 = -3*w + 2*w - 5*s + l, -247 = -3*w + 5*s. What is the tens digit of w?
8
Suppose 13*l - 7046 = 11401. What is the hundreds digit of l?
4
Let d = 47 - -53. Suppose -101 = h - 2*h + 2*g, h - g - d = 0. What is the units digit of h?
9
Let k be 0 + 12/3 + -1. Let d = k - -4. Let y(r) = -r**2 + 9*r - 10. What is the units digit of y(d)?
4
Suppose 14*y - 11908 = y. What is the units digit of y?
6
Suppose c - 12 = -2*c. Let u = c - 6. Let s = u + 4. What is the units digit of s?
2
Suppose 3*n + 5462 = 2*j, 7*j - 11*j + 4*n + 10916 = 0. What is the hundreds digit of j?
7
Let g(w) = -w**3 + 8*w**2 - w + 10. Let b be g(6). Suppose 2*t = -0*t. Suppose t = 4*q - b. What is the tens digit of q?
1
What is the tens digit of 2745*196/(-735)*3/(-2)?
9
Let x(y) be the first derivative of y**2/2 - 5*y - 2. Let c be x(4). What is the units digit of (0 + c)*145/(-5)?
9
Suppose 0 = -4*j + 42 + 6. Suppose 0 = -j*p + 16*p - 12. Suppose -p*a - 3 = -15. What is the units digit of a?
4
Let i(l) = l**2 - 9*l + 5. Let n be i(9). Let a be n/20 - (-15)/4. Suppose -4*h - 49 = -a*o - 3*h, 0 = 4*o + h - 39. What is the tens digit of o?
1
Let i(t) = 104*t**2 - 4*t - 15. What is the units digit of i(-2)?
9
Suppose 0 = 3*y - 2*c - 412, 2*c = 6*c - 4. What is the hundreds digit of y?
1
Let r = 100 + 32. Let v = 293 - r. What is the units digit of v?
1
Suppose 20 = 4*g - 2*l + 4*l, -4*g = -2*l - 12. Suppose -r - 56 = -3*x - 6*r, -g*x - 4*r = -72. What is the tens digit of x?
1
Suppose 3*n - y + 0*y - 20 = 0, -3*y = 4*n - 18. Let c = 7 - n. What is the units digit of c + -2 + 56/8?
6
Let p = 39 - 14. Suppose 20 = m - 4*z, m + p = -m - 5*z. What is the tens digit of -4*(4 - m)/(-1)?
1
Suppose -4*w + 16 = -d, -5*w + d + 4*d = -5. Suppose -635 = -2*y - 5*i - 0*i, -2*y + 5*i = -605. Suppose 0*a + y = w*a. What is the units digit of a?
2
Let c(d) = d**2 - 11*d + 14. Let k be -3*20/(15/(-3)). What is the tens digit of c(k)?
2
Suppose -2*o = -1429 - 421. What is the hundreds digit of o?
9
Let k(g) = 13*g + 5. Let q be k(-8). What is the tens digit of 0 + (q/(-3) - -3)?
3
Suppose 5*q + 5*s - 170 = 0, -5*q - 2*s = s - 172. What is the units digit of q?
5
Let u(b) = 10*b**2 + 2*b. Let c be (-40)/(-140) - 4/14. Suppose -4*d - r = -c*d + 8, -5*d - r = 10. What is the units digit of u(d)?
6
Let o(f) = 4*f + 26 - 4 - 10 + 4 + 21*f**2. What is the tens digit of o(-3)?
9
Suppose -18 = 2*a + 3*p, -3*a + 3*p - 10 - 47 = 0. Let v = a + 20. Suppose 3*j - 5*b = 213, -2*j = -j + v*b - 71. What is the tens digit of j?
7
Let p = -27 - -27. Let n(i) = i + 39. What is the units digit of n(p)?
9
Let y(l) = l**2 - 72. What is the tens digit of y(-32)?
5
Suppose -12*i = -9*i - 9. Suppose 4*d = i + 5. Suppose -d*y - y + 42 = 0. What is the units digit of y?
4
Let x be 62 - (-3 - -3 - 2). Let z = 110 - x. What is the units digit of z?
6
Suppose -2*t - 3*f = -2283, 3399 = 3*t + 4*f - 8*f. What is the tens digit of t?
3
Let q = 620 + 1661. What is the thousands digit of q?
2
Let u(h) = -h + 212. What is the tens digit of u(0)?
1
Let c(w) = 37*w**2 - w + 75. What is the tens digit of c(8)?
3
Let o(d) = 80 + 4*d**2 + 22*d - 60 - 37. What is the hundreds digit of o(-11)?
2
Suppose -5*u - 111 = 3*j - 4*u, 2*u = j + 37. Let h = -31 - j. What is the units digit of h?
6
Suppose -y - 1 = 1, 5*y = -5*f + 270. Suppose -2*n - 4*o = -0*n + 6, -f = 4*n - 3*o. Let t = -3 - n. What is the units digit of t?
8
Let t = 2 + 26. Let m = -126 + t. Let w = m + 140. What is the units digit of w?
2
Let k(m) = 62*m**2 + m + 1. Let i(w) = 3*w**2 + w - 4. Let s be i(-2). Suppose 2 = -8*p - s. What is the units digit of k(p)?
2
Let k = 25 + -25. Suppose v - 6 = 2*l, k = -2*v + 3*v + l - 12. What is the units digit of v?
0
Let c(t) = -7*t - t**3 - 2*t**3 + 3 + 4*t**3 - t**2 - 1. What is the units digit of c(5)?
7
Let z(o) = 14 - 5 + o**2 - 2*o**2 + o + 1. Let b be z(0). Suppose b + 120 = 3*y + 4*h, -5*y + 4*h = -174. What is the tens digit of y?
3
Let o(v) = -30*v - 6. What is the units digit of o(-8)?
4
Let m = -731 + 974. What is the tens digit of m?
4
Let g(l) = l**3 + 9*l**2 + 6*l + 1. Let n(v) = -v + 10. Let f be n(5). Let c = -13 + f. What is the units digit of g(c)?
7
Suppose 2*q - q - 2 = 0, 5*b + 4*q = 4333. What is the hundreds digit of b?
8
Suppose 165 = -3*s + 5*i, 3*s - 2*i + 34 = -122. Let o = s - 97. What is the tens digit of (o/35)/((-2)/10)?
2
What is the units digit of (-4024)/12*6/(-4)?
3
Let i(k) = -k**2 + 30*k - 72. What is the units digit of i(11)?
7
Suppose 3*u = 34 + 620. Suppose 2*t - 4*l - 78 = 0, 4*t + l = -26 + u. What is the units digit of t?
7
Let t = 15 + -14. Let f = 23 + t. Suppose 0 = -19*n + f*n - 85. What is the tens digit of n?
1
Suppose 1661 = 9*s - 1012. What is the units digit of s?
7
Let r(m) = 11*m + 24. Let i(s) = -5*s - 12. Let l = 20 + -25. Let x(j) = l*i(j) - 2*r(j). What is the units digit of x(12)?
8
What is the hundreds digit of 31/62 + (-1047)/(-2)?
5
Let b(o) be the second derivative of -o**5/20 + 3*o**4/4 + 5*o**3/3 - o**2/2 + 4*o. What is the units digit of b(8)?
3
Suppose -234 = -3*d + 288. Suppose 4*w - d = 3*w. What is the hundreds digit of w?
1
Let r(i) = -i**2 + 6*i + 6. Let n be r(10). Let g = n + 87. What is the units digit of g?
3
Let l(q) = -q**2 + 11*q - 14. Let o be l(9). Suppose -5*w - 6 = -m - 3*w, o*m - 3*w + 1 = 0. What is the tens digit of (-5)/(-10)*78 - m?
4
Let w(z) = 175*z + 111. What is the hundreds digit of w(6)?
1
Let b(i) = 176*i**2 + 2*i - 1. Let r be b(1). What is the units digit of (10/(-6) - 12/(-6))*r?
9
Let m be ((-204)/(-20))/((-1)/5). Let s = m - -107. What is the tens digit of s?
5
Let r = -2068 + 5060. What is the tens digit of r?
9
Suppose -4*h = -3*t + 2, -2*t - 2 = -5*h - 1. Suppose t*u = u. Suppose c = 5*a - 105, -2*c - 34 = -2*a - u*a. What is the units digit of a?
2
Suppose x = 2*x - 17. Let v = x + -13. Suppose -27 - 25 = -v*j. What is the units digit of j?
3
Suppose -2*d + 8 + 30 = 0. What is the units digit of d/(-114) + (-319)/(-6)?
3
Let w be 5/(-20) - 84/(-16). Suppose -67 = -j + 5*b - 11, -w*j = -2*b - 234. What is the tens digit of j?
4
Suppose -3*y + 10*y = 63. What is the units digit of (-1447)/(-9) - (-2)/y?
1
Let m be (-16)/(-6) - 8/12. Suppose -6*a + m = -280. What is the units digit of a?
7
Let j(b) = -19*b - 89. What is the units digit of j(-30)?
1
What is the units digit of ((-654)/(-5))/(6/45)?
1
Suppose -z + 10855 = 4*z. What is the units digit of z?
1
Suppose 5*l - 13930 = -5*c, 7334 = 4*c + 2*l - 3802. What is the thousands digit of c?
2
What is the hundreds digit of 15/(4 - 17310/4332)?
6
Suppose 0 = -4*m + 2*a + 26, 4*a - 1 + 13 = 0. Let d be (-2)/8 - m/(-4). What is the units digit of (-2)/(-6)*(d + 137)?
6
Let h = -1710 - -3329. Suppose o = 5*m + 4*o - h, -2*o + 972 = 3*m. What is the units digit of m?
2
Let c(u) = u + 3. Let l be c(-4). Let q = -11 + 17. What is the tens digit of (24/(-9))/(l/q)?
1
Suppose -3*r + 2*u = 6*u - 1, -3*r + 4*u = -41. What is the units digit of 545/2 + (28/8)/r?
3
Suppose 0*k = -3*k + 6. Suppose 63 = k*d - d. Suppose 4*c - c = d. What is the tens digit of c?
2
Suppose -79 = 2*g + 3*j, 3*g + 61 + 60 = -2*j. Let k = 3 + g. Let h = k - -61. What is the tens digit of h?
2
Let v be 2*(-1 - 4/(-8))*-50. Suppose -v*z = -48*z - 388. What is the hundreds digit of z?
1
What is the units digit of ((-2972)/(-4))/(21 + -20)?
3
Let v(u) = -15*u + 9. Let g(k) = k**3 + 8*k**2 + 11*k - 9. Let j be g(-6). What is the tens 